. Calculate the highest common divisor of i and c.
7
Suppose -l + 0*t - 149 = -2*t, 2*t + 149 = -l. Let b = l - -157. What is the greatest common divisor of b and 32?
8
Let u be (-5)/(60/(-8))*27. Let v = -5 - -5. Suppose -k - 2*h + 13 = v, -3*h + h = -4. What is the greatest common divisor of u and k?
9
Let x(c) = 20*c. Let j be x(7). Suppose -5*r + 9 = -6. Let k be ((-56)/r)/(-4)*3. Calculate the greatest common factor of k and j.
14
Let w(k) = 6*k + 8. Let i be w(-3). Let f be 4/i + 3964/10. What is the greatest common factor of 36 and f?
36
Let y be 110/70 + (-6)/(-14). Suppose 0 = d + 1 - 3. What is the highest common divisor of d and y?
2
Suppose 4*b = -d + 121, -5*b - d + 3*d = -148. Let h = -132 + 222. What is the greatest common factor of h and b?
30
Suppose 3*w = 4*w - 4. Let a = 515 + -507. Calculate the highest common factor of a and w.
4
Suppose 0*d + d = 227. Suppose -511*q + 513*q = 6. Suppose q*p = -2*i + d, -2*i - 2*p - 373 = -5*i. Calculate the highest common divisor of i and 11.
11
Let t = -390 + 400. Calculate the highest common factor of 170 and t.
10
Let o be -6 - 4/(16/12). Let i(m) = -7*m - 24. Let n be i(o). What is the highest common factor of n and 351?
39
Suppose -4*i + 224 = -8*i. Let l = 73 + i. What is the highest common divisor of 221 and l?
17
Suppose 108 - 153 = -5*u. Let t be (-17)/(-2) + 9/18. Calculate the greatest common factor of t and u.
9
Suppose -g - 68*s + 71*s + 1189 = 0, 2*s = 10. What is the greatest common factor of 28 and g?
28
Let s be (-6)/15 + 242/5. Let p = s + -27. Let d = p - 9. Calculate the greatest common divisor of d and 36.
12
Let v be 410/(-1435) - 3224/(-14). What is the greatest common factor of v and 80?
10
Let k(v) = 21*v + 645. Let z be k(-28). Calculate the greatest common factor of z and 1539.
57
Let y(s) = -s + 12*s - s**3 - 4*s + 4*s**2. Let i = 4 - -1. Let c be y(i). Calculate the highest common factor of c and 15.
5
Let a(j) = 11*j + 79. Let o be a(-4). Calculate the greatest common factor of 63 and o.
7
Let o(y) = 35*y**2 + 104*y + 4. Let k be o(-3). What is the highest common divisor of k and 224?
7
Suppose 0 = -4*r + 3*x + 15, -5*x + 1 + 3 = 3*r. What is the highest common factor of r and 3?
3
Suppose -10 = -4*s + 2*s. Suppose 2*y - 3*q - q = 104, 5*y - 245 = s*q. Calculate the highest common factor of y and 69.
23
Suppose -f = -5*f + 1716. Suppose -143 = -u - l, -l = -3*u + 2*l + f. What is the greatest common divisor of u and 13?
13
Let h(m) = 2*m**2 + 6*m + 1. Let x be (10/15)/(3/(-18)). Let j be h(x). Calculate the greatest common factor of 3 and j.
3
Let q(y) = 2*y - 8. Let a be q(5). Let l(m) = m**2 + 3. Let p be l(a). Calculate the greatest common divisor of p and 21.
7
Let s = -238 - -307. Let w = 23 + 0. What is the highest common factor of w and s?
23
Let i be (-12)/20 + 28/5. Suppose -i*l + 23 = -37. Let o be (-2 - l/(-9))*-144. What is the greatest common factor of o and 12?
12
Let k(a) be the first derivative of 3*a**2/2 - 6*a + 5. Let f be k(4). Suppose 4*n + 6 = 30. What is the greatest common divisor of f and n?
6
Let x be 4 + 1 - (-265 + 5/1). Calculate the highest common factor of x and 159.
53
Let g = 2110 + -1236. What is the greatest common divisor of 138 and g?
46
Let p be 21/2*(-20)/(-15). Suppose 19*m = p*m + 295. Let y = m - -58. Calculate the greatest common divisor of 13 and y.
13
Suppose 0*b = 5*b + 165. Let u(k) = k**3 + 11*k**2 - 6*k - 6. Let f be u(-11). Let r = f + b. What is the greatest common factor of r and 3?
3
Suppose -81 = -13*z + 75. What is the highest common divisor of 8 and z?
4
Suppose -9*x + 54 = -612. Suppose -424 = -4*d + 20. What is the highest common divisor of d and x?
37
Let d be 1 - (6 - 3) - -19. What is the greatest common factor of 629 and d?
17
Suppose -a + 216 = 3*a. Let s be 6/(-16) - (-6)/32*194. What is the highest common divisor of s and a?
18
Suppose 5*h = 6*h. Suppose 2*x - 24 - 136 = h. Suppose -l = -5*o - x, -4*o + 8*o - 145 = -3*l. What is the highest common divisor of 5 and l?
5
Let j be (2*3/(-2))/((-12)/144). What is the greatest common factor of j and 198?
18
Let p(v) = v**3 - 11*v**2 + 6*v - 24. Let q be p(11). Calculate the greatest common factor of 6 and q.
6
Let i = -61 + 56. Let t(g) = 9*g**2 + 6*g + 1. Let w be t(i). Calculate the highest common factor of 28 and w.
28
Let z be (12/(-8))/((-6)/(-872)). Let j = -21 + -107. Let q = j - z. Calculate the greatest common factor of 36 and q.
18
Suppose -3*u = -4*u - 2*x + 35, 0 = -2*x + 10. Let y = u + -5. Calculate the greatest common factor of y and 5.
5
Suppose 226 - 76 = 3*q. Let x = -38 + q. Calculate the greatest common factor of 8 and x.
4
Suppose -1926 = -3*p + 3*g, -5*p + 3218 = -7*g + 4*g. What is the highest common divisor of p and 170?
34
Let z(m) = -87*m - 3. Let a be z(-1). Suppose 0 = 4*n - 3*n - 12. Calculate the highest common factor of n and a.
12
Let y = -186 + 506. Let i(j) = 5*j**2 - j - 2. Let a be i(3). What is the highest common factor of a and y?
40
Suppose -2*c + 3*q - 4*q + 347 = 0, 724 = 4*c - 4*q. Suppose -3*x = -o - 69, 5*x = 2*x - o + 63. Calculate the highest common factor of c and x.
22
Let g be (-22)/(-4) - (-1)/(-2). Suppose 3*w = -b + 68, -3*b + 0*w = w - 196. Calculate the highest common divisor of g and b.
5
Let b(f) = f**3 + f**2 + 4*f + 672. Let h be b(0). Calculate the greatest common factor of 144 and h.
48
Suppose 5*o - 5*y - 7105 = 0, -5*o - 3464 = y - 10599. What is the highest common divisor of 46 and o?
46
Let l(x) = -3*x**3 + 2*x**2 + 2*x - 2. Let m be l(2). Let p be (8/(-5))/(m/245). Calculate the highest common divisor of p and 42.
14
Let j = 171 - 156. Calculate the highest common divisor of j and 120.
15
Suppose 5*s = 5*w + 140, 14 = 4*w + 6. What is the greatest common divisor of 480 and s?
30
Let l be (105/9)/((-2)/(-18)). What is the greatest common divisor of l and 45?
15
Suppose -m + 5*m - 8 = 0. Let x be ((-9)/(-18))/((-1)/6). Let o be 2 + (0/x)/5. Calculate the greatest common factor of m and o.
2
Let j(w) = 5*w - 30. Let b be j(8). Suppose -1964 + 14 = -b*a. What is the greatest common factor of 78 and a?
39
Let u = 946 + -842. Calculate the highest common factor of 78 and u.
26
Suppose 24*b - 366 = 35202. What is the greatest common divisor of b and 78?
78
Let q = 10 + -5. Suppose 2*y + q*r = -11, r + 9 = -3*y - 4*r. Suppose -y*n - 12 + 4 = 0, p + 3*n - 48 = 0. Calculate the highest common divisor of p and 24.
12
Let l be 10/25 + (-736)/(-10). Calculate the highest common factor of 259 and l.
37
Let m(r) = 37*r + 1. Let k be m(-2). Let v = k - -121. Suppose 9*z - 171 = -63. What is the highest common factor of z and v?
12
Let c be 2/6 + (-17)/(459/(-4176)). Calculate the highest common factor of 31 and c.
31
Let c be -10 + 138 - (-8)/1. Calculate the highest common divisor of c and 34.
34
Suppose 5*q - 4*m - 310 = 0, 330*m + 335 = 5*q + 331*m. Calculate the greatest common divisor of 138 and q.
6
Let f = 77 + -104. Let m = f + 33. What is the highest common factor of 12 and m?
6
Let x be ((84/10)/14)/(2/110). Suppose 76 = 5*s - 419. What is the greatest common factor of s and x?
33
Let d be (-1 - 1)/((-2)/3). Suppose k = -d*j - k + 244, -2*j = 4*k - 168. Suppose 1104 = 44*m - 304. What is the highest common factor of m and j?
16
Let g(p) = -p + 81. Let x be g(0). Let k(q) = 4*q**2 - 54*q + 81. Let l be k(12). What is the highest common divisor of x and l?
9
Let s = -1377 + 1461. What is the highest common factor of 1092 and s?
84
Let o(s) = 2*s**2 + 7*s - 11. Let t be o(-9). Calculate the highest common divisor of 16 and t.
8
Let n = -8335 + 8338. Let b be (-9 + 1)*3/(-4). Calculate the greatest common factor of b and n.
3
Suppose -1107*u + 198 = -1104*u. Calculate the highest common factor of 24 and u.
6
Let z be 20 - 1 - (18/3 + -8). Calculate the highest common factor of 98 and z.
7
Let a = 129 + -131. Suppose 3*c + c = 5*b + 26, -5*c + 2*b + 24 = 0. Let d be -2 + c + (-3 - a). What is the greatest common factor of d and 2?
1
Suppose 1320 = -204*j + 210*j. Calculate the greatest common divisor of j and 40.
20
Let j(q) = -q + 15. Let u be j(8). Let z(b) = -5*b + 0*b + u*b - 3*b - 7 + b**2. Let s be z(5). Calculate the highest common divisor of 130 and s.
13
Suppose -2*b - 103 = -119. Le